+ y*p**2 + 2*p**2. Calculate x(g).
-7
Let w(t) = t + 5. Let y be w(-3). Suppose 6 = j - 0*z + 3*z, 1 = y*j - 5*z. Let r(g) = g - 4. Determine r(j).
-1
Let u(x) be the third derivative of x**6/720 - x**4/12 + 2*x**2. Let v(m) be the second derivative of u(m). Determine v(0).
0
Let k = -67 + 71. Let i(z) be the second derivative of -z**5/20 + 5*z**4/12 - z**3 + z**2/2 - z. Calculate i(k).
-7
Let r(l) = 3*l**3 - 11*l**2 - 7*l - 4. Let x = -17 - -13. Let a(g) = -g**3 + g**2. Let d(q) = x*a(q) - r(q). Determine d(-6).
-2
Let w = -9 + 6. Let q(s) = 2*s - 2. Calculate q(w).
-8
Let t(l) be the first derivative of -l**2 - 8. Let o(w) = w**2 - 4*w - 1. Let x be o(3). Calculate t(x).
8
Suppose 0 = -3*p + 5*t + 35, -4*p + p = -3*t - 27. Suppose 0 = -4*v + 7 + p. Let r(i) = i**2 - i**2 + 3 + i**2 - 3*i. Determine r(v).
3
Let n(w) be the second derivative of w**4/12 + w**3 + w**2/2 - 5*w. Let f(j) = -7*j**2 - j. Let d be f(-1). What is n(d)?
1
Let u(p) = 2*p**2 + 12*p - 1. Let j be u(-7). Let i(t) = t - 3*t - 8*t + j*t + 7. What is i(-5)?
-8
Let x(g) = -6 + g**2 + 0*g**2 - g + 1. Determine x(4).
7
Let h(w) be the first derivative of w**4/4 + 7*w**3/3 + 3*w**2 + 10. What is h(-6)?
0
Let r(z) be the first derivative of -z**4/12 - 5*z**3/6 - 3*z - 1. Let j(s) be the first derivative of r(s). What is j(-3)?
6
Let i(n) = 6*n + 3. Let d(f) = f + 1. Let v(o) = 5*d(o) - i(o). What is v(-5)?
7
Let o(g) be the second derivative of -g**7/420 - g**6/720 + g**5/120 + g**4/12 - 4*g. Let r(f) be the third derivative of o(f). Calculate r(1).
-6
Let y(l) be the third derivative of -l**6/24 - l**3/6 - 18*l**2 + 2. Determine y(-1).
4
Let b be ((-2)/6)/((-2)/6). Let h(t) = t**3 - 3*t - 1. Let w(n) = 3*n**3 - 10*n - 4. Let s(z) = 7*h(z) - 2*w(z). Give s(b).
1
Let d(t) = t**3 + 4*t - 5. Let a = 4 - 4. Let x = a - 4. Let z(v) = -3*v**3 + v**2 - 11*v + 14. Let o(y) = x*z(y) - 11*d(y). What is o(4)?
-1
Let m = -17 - -20. Let l(d) be the second derivative of -d**5/20 + d**4/3 + d**3/6 - 2*d**2 - d. What is l(m)?
8
Let c(u) = 18*u - 1. Suppose -4*d - 2*x = 12, 0 = 10*d - 6*d + 5*x + 24. Calculate c(d).
-19
Let z(o) = -o - 6. Let a be z(-6). Let t(w) = -w**2 + 2 - w**2 + a. What is t(-2)?
-6
Let o(s) = -2*s + 3*s + 0*s - 8. What is o(4)?
-4
Suppose -2*y + 14 = -y. Let s(q) = 4*q - 13*q**2 + y*q**2 + q. Calculate s(-5).
0
Let g(h) = 1. Let t(n) = -n - 6. Let m(d) = -5*g(d) - t(d). Let b(f) = f + 7. Let o(z) = -z + 4. Let w be o(8). Let q be b(w). Determine m(q).
4
Let b = -13 + 26. Let a = b + -7. Let f(m) = -m + 4. Calculate f(a).
-2
Let i(r) = r + 5*r**2 - 15*r**2 + 0*r + r**3 + 6 - 2*r. Determine i(10).
-4
Let m(t) be the second derivative of t**3/6 + t**2/2 + 3*t. Give m(3).
4
Let b = 7 + -11. Let n = 0 + b. Let v = n + 6. Let w(x) = -3*x**2 + 3*x. Give w(v).
-6
Suppose 8*n - 20 = 3*n. Let i(g) = -g**2 + 3*g. Calculate i(n).
-4
Let p be (6 + -1 + -1)/2. Let o(v) = -3*v - 2. Let s(m) be the third derivative of -m**3/6 - 2*m**2. Let y(q) = o(q) - 5*s(q). Determine y(p).
-3
Let v(o) be the second derivative of 3*o**3/2 - o**2/2 + 6*o. Let m(c) be the third derivative of c**6/120 + c**5/30 + c**3/6 - c**2. Let h be m(-2). Give v(h).
8
Let u(v) = -v - 9 + v + v. Determine u(0).
-9
Let f(a) = -a**2 + 6*a - 4. Let j(n) = 2*n + 1. Let t = 3 - 2. Let p be j(t). What is f(p)?
5
Suppose 3*u + 5*m - 9 = 2*u, 2*m - 22 = -5*u. Let q(t) be the third derivative of -t**6/120 + t**5/15 + t**4/24 + t**3/3 + 17*t**2. What is q(u)?
6
Suppose y + 2*y + 15 = 0. Let v(m) = 2*m**3 - 3*m**3 + 5*m - 4*m**2 + 0*m**3. Give v(y).
0
Let i(w) = -w**3 - 4*w**2 + 3*w - 1. Suppose h - a = -8, -a + 20 = -h + 4*a. Determine i(h).
9
Let m(g) be the second derivative of -2*g**4/3 - 7*g**2 - 7*g. Let i(v) = -3*v**2 - 5. Let t(y) = 11*i(y) - 4*m(y). Calculate t(-3).
-8
Suppose 5*n - 11 = -1. Suppose -n*q = -7*q + 4*a, 0 = -5*q - 3*a. Let x(g) = -g**2 - 6 + q*g + g + 5*g. Give x(6).
-6
Let d = 11 - 9. Suppose -d = 4*i + 2, i = -3*s - 16. Let w(u) = u**3 + 6*u**2 + 7*u + 4. Give w(s).
-6
Let t be (-2)/3*18/3. Let m(v) = -v**3 - 4*v**2 + v + 2. Calculate m(t).
-2
Suppose u - 17 = -5*s + 10, -5*u + 15 = s. Let x(a) = -a**2 + 6*a - 4. Let p be x(s). Let i(r) = 3*r. Give i(p).
3
Let s(v) = -v + 0*v - 13 + 13. Determine s(-5).
5
Let v(x) = -x**3 - x - 1. Suppose 0 = -s + 3*a - 16, 3*s + 29 - 11 = 3*a. What is v(s)?
1
Let f = -105 + 107. Let c(g) = -g**2 + g. Give c(f).
-2
Suppose 0*z - 3*s - 21 = -4*z, z + s = 7. Let h(u) = u**2 - 6*u + 6. Determine h(z).
6
Let g(n) = 7*n**3 - 5*n**2 + 2*n - 13. Let x(c) = -3*c**3 + 2*c**2 - c + 6. Let y(o) = 2*g(o) + 5*x(o). Let t(w) = -7*w + 35. Let v be t(5). Calculate y(v).
4
Let j(i) = 27*i**2 - 56*i**2 + 3 + 30*i**2 + 7*i. Give j(-3).
-9
Let g(x) = x**3 - x**2 + x + 6. Let r be g(0). Let o = -6 + r. Let n(q) = q - 1. Determine n(o).
-1
Let q(u) = -13*u**2 - u. Suppose 5*w - 9 = 2*i, 3*w + 1 - 2 = -i. What is q(w)?
-14
Suppose o = 5*j - 5 + 33, -5*o + 35 = -4*j. Let s(m) be the first derivative of m**2 + 1/4*m**4 - 7*m - 1 + 2*m**3. Calculate s(j).
8
Let a = 15 + -12. Let v(x) be the first derivative of -1/3*x**3 + 4*x + 2 + 3/2*x**2. Give v(a).
4
Let l(c) = 2*c**3 + 15*c**2 + 7*c + 6. Let m be l(-7). Let o(p) = -p - 1. What is o(m)?
-7
Suppose -2*r - 3 = -3*r. Let w(f) = 2*f - 1. What is w(r)?
5
Let r(l) = -4*l - 2*l + l + 4*l - 2. Determine r(-4).
2
Suppose -3*u = -7*u. Let p(g) be the third derivative of 1/15*g**5 + 1/24*g**4 + 0*g + u + 2*g**2 + 0*g**3. What is p(1)?
5
Let t(r) = -2 + 4*r - r**2 + 2*r**2 - 5*r. Calculate t(3).
4
Let x(l) = -10*l**3 - 3 + 10*l - 7*l**2 + 0 - 3. Suppose -7 = -0*t + t. Let n(j) = 7*j**3 + 5*j**2 - 7*j + 4. Let w(y) = t*n(y) - 5*x(y). Calculate w(0).
2
Let b(t) = -t**3 - 4*t**2 + t - 4. Let n be -2 - (-9)/(9/(-2)). Determine b(n).
-8
Suppose 0 = 2*t + 5*i + 6, -t - 4*i = 3*t - 12. Let x(p) = p**2 - 8*p + 10. Give x(t).
3
Suppose 0 = -2*h + 2*s - 0*s + 6, 0 = -5*s - 10. Let o(u) = -u**2 - 4*u + 7. Let b be o(-5). Let i(x) = -3*x + 4*x**b - x + 3*x. What is i(h)?
3
Let d(s) = -2*s - 2. Let m be d(-2). Suppose 0 = -i + 3*h + 7, -i = m*h + 8. Let l(k) = -4 - 1 - 1 - 2*k + 4. Determine l(i).
2
Let z(m) be the first derivative of m**4/4 - m**2/2 - 3*m - 5. Give z(0).
-3
Let x = 1 + 3. Let u(t) = 4*t**3 - 8*t**2 + 6*t - 1. Let p(r) = 7*r**3 - 15*r**2 + 11*r - 2. Let m(j) = -3*p(j) + 5*u(j). What is m(x)?
5
Suppose 0 = 5*k - 0*k - 20. Let c be (3/((-6)/k))/(-2). Let l(u) = -18 + 5*u + 12 + 6. Give l(c).
5
Suppose -3*u + 24 = -3*c, 0*u + c + 14 = 3*u. Suppose u = -o + 4*l - 2*l, 3*o = 4*l - 1. Let j(s) = -s + 5 - o. Determine j(-5).
5
Let l(w) = 7*w**2 - 2*w. Let z(t) = -3*t**2 + t. Let v(m) = 2*l(m) + 5*z(m). Let d = -20 - -20. Calculate v(d).
0
Let a(h) be the third derivative of -h**4/24 - 2*h**3/3 - 5*h**2. Give a(-3).
-1
Let n(v) = -4*v**2 - 2*v - 2. Let z(w) = 8*w**2 + 4*w - 1. Let y(l) = -l**2 - l + 1. Let p(m) = 3*y(m) + z(m). Let h(q) = -4*n(q) - 3*p(q). Calculate h(-6).
8
Let o(y) be the third derivative of y**6/120 + y**5/30 - y**4/6 - 10*y**2. What is o(-3)?
3
Let y(m) = m**3 + 5*m**2 + 5*m + 4. Let i = 91 + -94. Give y(i).
7
Let y(v) be the first derivative of -v**3 - v**2/2 + 2. Calculate y(-2).
-10
Let l(v) be the first derivative of -v**7/840 + v**5/120 + v**3 + 2. Let p(j) be the third derivative of l(j). Give p(2).
-6
Suppose -3*g + 2*g = 0. Let n(p) = -2 + p**2 + g*p**2 + 7*p + 3*p**2 - 5*p**2. Calculate n(4).
10
Suppose 1 = -6*n + 5*n. Let l(f) be the first derivative of -f**2 + 1. What is l(n)?
2
Let x(m) = -3*m**3 + 3*m**2 + 6*m - 7. Let n(f) = f**3 - f + 1. Let h(w) = -2*n(w) - x(w). Calculate h(4).
5
Let f(v) = v + 5. Let z(b) = -b**2 - 4*b. Let p be z(-3). Suppose 6*d - p*d = 2*w - 11, 5*d = -2*w - 45. Let i = -7 - d. Determine f(i).
5
Let q = -4 - 0. Let s(z) = z**3 + 5*z**2 + 6*z + 3. What is s(q)?
-5
Let m(r) = r**2 + 7*r + 7. Suppose -5*z - 5 = -4*z. Give m(z).
-3
Let u(n) = 13 + 28 - 31 - 2*n. Give u(7).
-4
Let j(n) = -2*n**2 - 3*n - 2. Let b be (-5)/(15/(-12)) + -16. Let d = 10 + b. Give j(d).
-4
Let u(i) be the first derivative of 4/3*i**3 + 0*i - 2 + 1/4*i**4 - 5/2*i**2. Give u(-5).
0
Suppose 0 = -4*b - 5*c - 2, -3*c - 2 = 2*b. Let z(i) = 1 - 2*i**b + 0*i**2 + i**2 + 3*i. Determine z(3).
1
Let b = -3 + 3. Suppose b = -4*t - 0*t.